{"id":11724,"date":"2021-07-08T17:43:12","date_gmt":"2021-07-08T20:43:12","guid":{"rendered":"https:\/\/foroeconomiacircular.com\/?post_type=orador&#038;p=11724"},"modified":"2021-07-22T15:37:34","modified_gmt":"2021-07-22T18:37:34","slug":"nicola-cerantola","status":"publish","type":"orador","link":"https:\/\/foroeconomiacircular.com\/en\/orador\/nicola-cerantola\/","title":{"rendered":"Nicola Cerantola"},"content":{"rendered":"\n<p>Ingeniero industrial, Nicola es el fundador y director del proyecto empresarial Ecologing, cuya misi\u00f3n es la de facilitar la transici\u00f3n empresarial hacia nuevos modelos sostenibles y rentables. Desde 2013 desarrolla el modelo&nbsp;<em>Ecocanvas<\/em>, una metodolog\u00eda \u00e1gil para conectar el dise\u00f1o sostenible con el dise\u00f1o de negocios rentables y resilientes. <\/p>\n\n\n\n<p>Desde 2011, es consultor externo para el Programa&nbsp;<em>SWITCHMED<\/em>&nbsp;de SCP\/RAC, del Programa de Naciones Unidas para el Medio Ambiente (PNUMA) y ONUDI. En 2015, ha co-desarrollado y publicado la metodolog\u00eda&nbsp;<em>Handbook &amp; Workbook for the Green Entrepreneurship in the Mena<\/em>&nbsp;(Middle East &amp; Northern Africa). Es consultor y profesor asociado de Ecodise\u00f1o, Emprendimiento y Econom\u00eda Circular en varias universidades y escuelas de negocio (Instituto de Empresa, EOI, IED Madrid, UPM, ICAI, UCM).<\/p>\n","protected":false},"excerpt":{"rendered":"<p>Fundador y director de Ecologing. Consultor e Investigador en Ecodise\u00f1o, Emprendimiento y Econom\u00eda Circular. Experto PNUMA en Econom\u00eda Verde.<\/p>\n","protected":false},"author":1,"featured_media":957,"template":"","orador_categoria":[27],"pais_categoria":[33],"acf":[],"_links":{"self":[{"href":"https:\/\/foroeconomiacircular.com\/en\/wp-json\/wp\/v2\/orador\/11724"}],"collection":[{"href":"https:\/\/foroeconomiacircular.com\/en\/wp-json\/wp\/v2\/orador"}],"about":[{"href":"https:\/\/foroeconomiacircular.com\/en\/wp-json\/wp\/v2\/types\/orador"}],"author":[{"embeddable":true,"href":"https:\/\/foroeconomiacircular.com\/en\/wp-json\/wp\/v2\/users\/1"}],"version-history":[{"count":5,"href":"https:\/\/foroeconomiacircular.com\/en\/wp-json\/wp\/v2\/orador\/11724\/revisions"}],"predecessor-version":[{"id":12093,"href":"https:\/\/foroeconomiacircular.com\/en\/wp-json\/wp\/v2\/orador\/11724\/revisions\/12093"}],"wp:featuredmedia":[{"embeddable":true,"href":"https:\/\/foroeconomiacircular.com\/en\/wp-json\/wp\/v2\/media\/957"}],"wp:attachment":[{"href":"https:\/\/foroeconomiacircular.com\/en\/wp-json\/wp\/v2\/media?parent=11724"}],"wp:term":[{"taxonomy":"orador_categoria","embeddable":true,"href":"https:\/\/foroeconomiacircular.com\/en\/wp-json\/wp\/v2\/orador_categoria?post=11724"},{"taxonomy":"pais_categoria","embeddable":true,"href":"https:\/\/foroeconomiacircular.com\/en\/wp-json\/wp\/v2\/pais_categoria?post=11724"}],"curies":[{"name":"wp","href":"https:\/\/api.w.org\/{rel}","templated":true}]}}

<p>Ingeniero industrial, Nicola es el fundador y director del proyecto empresarial Ecologing, cuya misión es la de facilitar la transición empresarial hacia nuevos modelos sostenibles y rentables. Desde 2013 desarrolla el modelo&nbsp;<em>Ecocanvas</em>, una metodología ágil para conectar el diseño sostenible con el diseño de negocios rentables y resilientes. </p>



<p>Desde 2011, es consultor externo para el Programa&nbsp;<em>SWITCHMED</em>&nbsp;de SCP/RAC, del Programa de Naciones Unidas para el Medio Ambiente (PNUMA) y ONUDI. En 2015, ha co-desarrollado y publicado la metodología&nbsp;<em>Handbook &amp; Workbook for the Green Entrepreneurship in the Mena</em>&nbsp;(Middle East &amp; Northern Africa). Es consultor y profesor asociado de Ecodiseño, Emprendimiento y Economía Circular en varias universidades y escuelas de negocio (Instituto de Empresa, EOI, IED Madrid, UPM, ICAI, UCM).</p>

<p>Fundador y director de Ecologing. Consultor e Investigador en Ecodiseño, Emprendimiento y Economía Circular. Experto PNUMA en Economía Verde.</p>
