{"id":12069,"date":"2017-09-07T15:18:00","date_gmt":"2017-09-07T18:18:00","guid":{"rendered":"https:\/\/foroeconomiacircular.com\/?post_type=charla&#038;p=12069"},"modified":"2021-07-22T18:42:56","modified_gmt":"2021-07-22T21:42:56","slug":"como-navegar-la-aventura-incierta-de-la-economia-circular","status":"publish","type":"charla","link":"https:\/\/foroeconomiacircular.com\/en\/charla\/como-navegar-la-aventura-incierta-de-la-economia-circular\/","title":{"rendered":"\u00bfC\u00f3mo navegar la aventura incierta de la Econom\u00eda Circular?"},"content":{"rendered":"\n<p>Orador: Nicola Cerantola <\/p>\n\n\n\n<p>La regeneraci\u00f3n y la creaci\u00f3n de valor social, ambiental y econon\u00f3mico como principios b\u00e1sicos para la concepci\u00f3n de nuevos productos y servicios. <\/p>\n\n\n\n<p>Estrategias y ejemplos de la Econom\u00eda Circular<\/p>\n","protected":false},"excerpt":{"rendered":"<p>Orador: Nicola Cerantola La regeneraci\u00f3n y la creaci\u00f3n de valor social, ambiental y econon\u00f3mico como principios b\u00e1sicos para la concepci\u00f3n de nuevos productos y servicios. Estrategias y ejemplos de la Econom\u00eda Circular<\/p>\n","protected":false},"author":1,"featured_media":11974,"template":"","charla_categoria":[117],"pais_categoria":[29],"charla_etiqueta":[],"orador_etiqueta":[104],"acf":[],"_links":{"self":[{"href":"https:\/\/foroeconomiacircular.com\/en\/wp-json\/wp\/v2\/charla\/12069"}],"collection":[{"href":"https:\/\/foroeconomiacircular.com\/en\/wp-json\/wp\/v2\/charla"}],"about":[{"href":"https:\/\/foroeconomiacircular.com\/en\/wp-json\/wp\/v2\/types\/charla"}],"author":[{"embeddable":true,"href":"https:\/\/foroeconomiacircular.com\/en\/wp-json\/wp\/v2\/users\/1"}],"version-history":[{"count":2,"href":"https:\/\/foroeconomiacircular.com\/en\/wp-json\/wp\/v2\/charla\/12069\/revisions"}],"predecessor-version":[{"id":12071,"href":"https:\/\/foroeconomiacircular.com\/en\/wp-json\/wp\/v2\/charla\/12069\/revisions\/12071"}],"wp:featuredmedia":[{"embeddable":true,"href":"https:\/\/foroeconomiacircular.com\/en\/wp-json\/wp\/v2\/media\/11974"}],"wp:attachment":[{"href":"https:\/\/foroeconomiacircular.com\/en\/wp-json\/wp\/v2\/media?parent=12069"}],"wp:term":[{"taxonomy":"charla_categoria","embeddable":true,"href":"https:\/\/foroeconomiacircular.com\/en\/wp-json\/wp\/v2\/charla_categoria?post=12069"},{"taxonomy":"pais_categoria","embeddable":true,"href":"https:\/\/foroeconomiacircular.com\/en\/wp-json\/wp\/v2\/pais_categoria?post=12069"},{"taxonomy":"charla_etiqueta","embeddable":true,"href":"https:\/\/foroeconomiacircular.com\/en\/wp-json\/wp\/v2\/charla_etiqueta?post=12069"},{"taxonomy":"orador_etiqueta","embeddable":true,"href":"https:\/\/foroeconomiacircular.com\/en\/wp-json\/wp\/v2\/orador_etiqueta?post=12069"}],"curies":[{"name":"wp","href":"https:\/\/api.w.org\/{rel}","templated":true}]}}

¿Cómo navegar la aventura incierta de la Economía Circular?

<p>Orador: Nicola Cerantola </p>



<p>La regeneración y la creación de valor social, ambiental y econonómico como principios básicos para la concepción de nuevos productos y servicios. </p>



<p>Estrategias y ejemplos de la Economía Circular</p>

<p>Orador: Nicola Cerantola La regeneración y la creación de valor social, ambiental y econonómico como principios básicos para la concepción de nuevos productos y servicios. Estrategias y ejemplos de la Economía Circular</p>
